k**3 - 4*k**2. Let h be c(-3). What is the remainder when 143 is divided by 1*h/(2/(-1))?
35
Suppose -i + 15 - 2 = 0. What is the remainder when 30 is divided by i?
4
Let u(x) = -x**3 + 8*x**2 + 12*x - 21. Let p be u(9). Suppose 4*z - p*w = -w + 90, -2*w = z - 16. Calculate the remainder when 36 is divided by z.
16
Let i(w) be the second derivative of -8*w**3/3 + 9*w**2/2 + 10*w. Calculate the remainder when i(-4) is divided by 19.
16
Suppose -2 = w - 0*w. Calculate the remainder when 65 is divided by 33 + (1 - 1)/w.
32
Let p(o) = 44 + o**2 - 21 + 3*o - 21. Calculate the remainder when 124 is divided by p(-8).
40
Let i = -21 + 22. Let t be (1 + 1)*i + 0. Suppose -3*a = -b - 54, 0 = -t*a + b + 20 + 15. Calculate the remainder when 56 is divided by a.
18
Let r = -288 + 290. What is the remainder when 87 is divided by r?
1
Let n(y) = -y**3 - 10*y**2 + 35*y - 19. Calculate the remainder when 427 is divided by n(-13).
31
Suppose f - 3*b - 1 + 13 = 0, 0 = 2*f - 5*b + 19. Calculate the remainder when 13 is divided by f.
1
Let v = -612 + 696. Calculate the remainder when v is divided by 8.
4
Let f = 566 + -524. What is the remainder when 124 is divided by f?
40
What is the remainder when 47 + 155/31 + (-22)/2 is divided by 33?
8
Let b = 3 - -5. Suppose 15*n + 21 = 8*n. What is the remainder when 33*1 + (-5 - n) is divided by b?
7
Calculate the remainder when (-4 - 0)/((-1)/(890/20)) is divided by 12.
10
Suppose 0 = -z + 2*z + 5. Let d(p) = 7*p - 5. Let x(g) = 7*g - 4. Let w(r) = 2*d(r) - 3*x(r). Calculate the remainder when w(z) is divided by 13.
11
Let c = 1234 - 1180. Calculate the remainder when 185 is divided by c.
23
Suppose 5*w + 5 = 225. What is the remainder when 615 is divided by w?
43
Let l = -223 + 254. Suppose i + 72 = 193. Calculate the remainder when i is divided by l.
28
Let g(r) = -1. Let h(t) = t + 65. Let a(i) = -g(i) + h(i). Suppose 0 = 3*m - 54 + 3. What is the remainder when a(0) is divided by m?
15
Let v = 19 - 10. What is the remainder when (6*(-8)/(-10))/(74/370) is divided by v?
6
Let a = -6 + 14. Let d be -2 + 3 - 8/(-4). Let r = d - -12. Calculate the remainder when r is divided by a.
7
Suppose 0 = -5*f + 38 - 8. Let k(c) = -c + 7. Let w be k(f). Let h(v) = 10*v**2 - v. Calculate the remainder when h(w) is divided by 3.
0
Let x be (6/12)/(2/4). Calculate the remainder when 9 is divided by (x/3)/(3*(-2)/(-54)).
0
Let y be 2/9 - 4/18. Suppose 0*k - 2*f = 3*k - 36, y = -2*k - 3*f + 24. Let u = 26 - k. What is the remainder when 81 is divided by u?
11
Let s(x) = 19*x**2 + 13*x - 22. What is the remainder when s(3) is divided by 8?
4
Let u = 1492 - 1170. Calculate the remainder when u is divided by 104.
10
Suppose 0 = -4*n + 5*c + 133, -3*n - 2*c - 2*c + 92 = 0. Suppose 2*f + 12 - 38 = 0. What is the remainder when n is divided by f?
6
Calculate the remainder when (-4 - -94)*(-17)/(-34) is divided by 23.
22
Let n = -1141 + 1390. What is the remainder when n is divided by 25?
24
Suppose -259 = 327*u - 364*u. Calculate the remainder when 178 is divided by u.
3
Let k = 37 + 32. Suppose 5*i + 15 = 0, -4*y - y + 3*i + k = 0. What is the remainder when (0 + -5)*34/(-5) is divided by y?
10
Let u = 194 + -159. What is the remainder when u is divided by 11?
2
Suppose -34 = 2*o - 50. Suppose 28 + 23 = 5*w - 2*k, -27 = -2*w + 3*k. What is the remainder when 186/w - 4/6 is divided by o?
4
Let f(k) = 10*k + 1 - 10*k - 5*k + k**2. Suppose -4*v + 4*o = 0, 0*v + 4*o = 5*v - 3. What is the remainder when v is divided by f(5)?
0
Let w(s) = -61*s**3 - s**2 + 1. Let b be -3 + 2 + (0 - 0). Suppose -2*m + 36 = j + 2*m, 2*m = 10. What is the remainder when w(b) is divided by j?
13
Let j(w) = w**2 + 18*w + 73. Calculate the remainder when 18 is divided by j(-6).
0
Let n(g) = g**2 - 15*g + 53. What is the remainder when 41 is divided by n(4)?
5
Let o = 1 - 1. Suppose 5*t = 4*p - 1, 3*p - 24 = -o*t - 4*t. Suppose -7 = -t*h + 38. What is the remainder when 27 is divided by h?
12
Let z = 11 + -8. Suppose 5*y = -u + 11, 4*y - u - 10 = 2*y. What is the remainder when y is divided by z?
0
Let r(m) = -59*m**3 + 4*m**2 + 2*m - 1. Let s(p) = 59*p**3 - 5*p**2 - 2*p + 1. Let k(l) = -6*r(l) - 5*s(l). What is the remainder when k(1) is divided by 20?
19
Suppose 167 = 4*w - 121. Let x be 16/w + (-130)/18. Let k(c) = -c**3 - 5*c**2 + 6*c - 5. Calculate the remainder when k(x) is divided by 18.
15
Suppose 2*z = -2*j + 20, -j = 2*j - 2*z - 15. Calculate the remainder when 26 is divided by j.
5
Let g = 2 - 0. Calculate the remainder when (-342)/(-43) + (-120)/(-2580) is divided by g.
0
Let a(c) = 2*c**2 - 4*c. Let o be a(3). Suppose p + 5*m - 20 = 0, p - 3*m - 60 = -0*m. Suppose -k - p = -o*k. Calculate the remainder when k is divided by 6.
3
Suppose -187 = -2*p - 2*b + b, -10 = 2*b. Let q = -56 + p. Calculate the remainder when q is divided by 9.
4
Let t(o) = -13*o - 19. Calculate the remainder when -7 - (3 + -6) - -83 is divided by t(-3).
19
Let u = -47 + 59. Suppose -b - 20 = -4*x, b + 2*b = u. What is the remainder when 17 is divided by x?
5
Let y be 1 + (-1 - 0) - -7. Let k = y + 13. Calculate the remainder when k is divided by (-2 - 12)/(-1*2).
6
Suppose y + 2179 = 4*v, 105*v - 110*v = -3*y - 2729. Calculate the remainder when v is divided by 22.
16
Let d(p) = 6*p + 6. Let h = -11 - -19. Let k be d(h). Suppose -3 + k = 3*f. What is the remainder when f is divided by 10?
7
Calculate the remainder when (-6 - 60/(-8))/(1/22) is divided by 13.
7
Let l = 19 - 12. Suppose 7*i + 139 = 4*w + 2*i, 3*w = 2*i + 99. Calculate the remainder when w is divided by l.
3
Let k(b) = b**2 - 2*b - 22. Let u be k(6). Suppose -s - 11 = -o - u, 3*s - 18 = -2*o. What is the remainder when 16 is divided by o?
7
Let y = -13 - -121. Let o = 152 - y. What is the remainder when o is divided by 15?
14
Suppose 4*h + 78 = -2*h. Let v = 52 + h. What is the remainder when v is divided by 21?
18
Suppose -4*n - 1051 + 1323 = 0. Suppose -5*p + 0*p + 68 = 2*g, 3*g - p = 68. Calculate the remainder when n is divided by g.
20
Let k(n) = 241*n - 598. Calculate the remainder when k(4) is divided by 72.
6
Let w(h) be the second derivative of -h**4/4 + h**3/3 + 2*h**2 + 5*h. Let r be w(4). What is the remainder when 20 is divided by (-244)/r - (-2)/9?
6
Let u = -1176 + 1215. Calculate the remainder when u is divided by 17.
5
Let r be (-6)/8 + (-159)/12. What is the remainder when (-6)/r - (-3473)/161 is divided by 5?
2
Calculate the remainder when 173 is divided by (-20)/((-130)/(-13)) + (-32)/(-1).
23
Let x(t) = -t**3 - 7*t**2 - 19*t - 11. Calculate the remainder when x(-9) is divided by 36.
34
Suppose 0 = -0*b + 2*b - t - 6, 0 = -4*b - 5*t + 40. Suppose -b*l + 59 - 49 = 0. Calculate the remainder when 77 is divided by (3/6)/(l/104).
25
Suppose 2*i = -0*i. Suppose i = 2*h + 2*q - 26, 4*q + 20 = 2*h - 0*h. What is the remainder when 16 is divided by h?
4
Suppose -2*y + d + 245 = 0, -19*y + d = -22*y + 375. Calculate the remainder when y is divided by 27.
16
Suppose 0 = -6*f + 60 + 54. What is the remainder when 148 is divided by f?
15
Let q be 0*(4/(-12) - 0) - 0. Let t be -2 + 10*(-1)/(-2). Let z = t - q. Calculate the remainder when 4 is divided by z.
1
Let i(s) = s**2 + 7*s + 12. Let y(x) = x**2 - 16*x + 20. Let l be y(14). Let o be i(l). Calculate the remainder when ((-296)/o)/((-2)/5) is divided by 13.
11
Let m(f) = -f**2 + 16*f - 5. Suppose 21 + 2 = 2*h + l, 2*h + 3*l = 17. What is the remainder when m(11) is divided by h?
11
Let a = 70 + -40. Suppose 50*c - 5986 = -843 + 807. What is the remainder when c is divided by a?
29
Suppose -4 = -y + 1. Let t(p) = p**2 + 1. Let m be t(4). Let o = m + -3. What is the remainder when o is divided by y?
4
Suppose 4*t - 588 = 4*s, 283 = 4*t + 5*s - 269. Calculate the remainder when t is divided by 24.
23
Let g be 29 + 5/(5/3). Let p = g - 7. Suppose -5*a + c + p = -120, 4*a + 4*c - 116 = 0. What is the remainder when a is divided by 10?
9
Suppose -2*h + 2*c = -8, -6*h - c + 16 = -2*h. Suppose -l = 3*w - 37, -l + h = -3*w + 33. What is the remainder when 83 is divided by w?
6
Let g = 263 + -185. What is the remainder when g is divided by (-4)/(-18) + 2982/189?
14
Let l = -108 + 125. What is the remainder when 83 is divided by l?
15
Suppose -92 = -8*x + 252. What 